{"id":509,"date":"2022-04-13T10:18:57","date_gmt":"2022-04-13T10:18:57","guid":{"rendered":"https:\/\/visitbodo.com\/?page_id=509"},"modified":"2025-09-11T08:06:14","modified_gmt":"2025-09-11T08:06:14","slug":"vare-medlemmer","status":"publish","type":"page","link":"https:\/\/visitbodo.com\/bransjenett\/vare-medlemmer\/","title":{"rendered":"V\u00e5re partnere"},"content":{"rendered":"\n\t<div style=\"--t2-hero-dim:0.5;\" class=\"t2-hero t2-hero-content-position-center-center t2-hero-has-dim-50 t2-hero-has-fullsize-image alignfull wp-block-t2-hero\">\n\t\t<img loading=\"lazy\" decoding=\"async\" width=\"1920\" height=\"1280\" src=\"https:\/\/v.imgi.no\/visitbodo-16396-261bcde99286d0fb71e72e8b359831b7-1920x1280\/2025_04_image-7.jpg\" class=\"t2-hero__image\" alt=\"\" style=\"object-position: 49% 40%;\" srcset=\"https:\/\/v.imgi.no\/visitbodo-16396-261bcde99286d0fb71e72e8b359831b7-150x100\/2025_04_image-7.jpg 150w, https:\/\/v.imgi.no\/visitbodo-16396-261bcde99286d0fb71e72e8b359831b7-300x200\/2025_04_image-7.jpg 300w, https:\/\/v.imgi.no\/visitbodo-16396-261bcde99286d0fb71e72e8b359831b7-768x511\/2025_04_image-7.jpg 768w, https:\/\/v.imgi.no\/visitbodo-16396-261bcde99286d0fb71e72e8b359831b7-1024x683\/2025_04_image-7.jpg 1024w, https:\/\/v.imgi.no\/visitbodo-16396-261bcde99286d0fb71e72e8b359831b7-1536x1024\/2025_04_image-7.jpg 1536w, https:\/\/v.imgi.no\/visitbodo-16396-261bcde99286d0fb71e72e8b359831b7-2048x1365\/2025_04_image-7.jpg 2048w, https:\/\/v.imgi.no\/visitbodo-16396-261bcde99286d0fb71e72e8b359831b7-1176x783\/2025_04_image-7.jpg 1176w, https:\/\/v.imgi.no\/visitbodo-16396-261bcde99286d0fb71e72e8b359831b7-1920x1280\/2025_04_image-7.jpg 1920w\" sizes=\"auto, (max-width: 2048px) 100vw, 2048px\" \/>\n\t\t<div class=\"t2-hero__header\"><div class=\"t2-hero__header__content\">\n<h1 class=\"has-text-align-center alignwide wp-block-post-title\">V\u00e5re partnere<\/h1>\n\n\n<p class=\"wp-block-paragraph\"><\/p>\n\n\n\n<div class=\"wp-block-buttons is-content-justification-center is-layout-flex wp-container-core-buttons-is-layout-16018d1d wp-block-buttons-is-layout-flex\">\n<div class=\"wp-block-button\"><a class=\"wp-block-button__link wp-element-button\" href=\"https:\/\/visitbodo.com\/bransjenett\/bli-partner\/\">Bli partner<\/a><\/div>\n<\/div>\n\n<\/div><\/div>\n\t<\/div>\n\n\n<h2 class=\"wp-block-heading alignwide has-primary-dark-pink-color has-text-color\" id=\"h-folgende-bedrifter-har-partneravtale-med-visit-bodo\">F\u00f8lgende bedrifter har partneravtale med Visit Bod\u00f8<\/h2>\n\n\n\n<ul class=\"wp-block-list\">\n<li>67 North Distillery<\/li>\n\n\n\n<li>7. Himmel<\/li>\n\n\n\n<li>Arctic Cruise<\/li>\n\n\n\n<li>Arctic Salmon Center<\/li>\n\n\n\n<li>Arktisk Filharmoni<\/li>\n\n\n\n<li>Arn\u00f8y brygge<\/li>\n\n\n\n<li>Avinor Bod\u00f8 Lufthavn<\/li>\n\n\n\n<li>Beiarmat<\/li>\n\n\n\n<li>Beiarn kro og Hotell<\/li>\n\n\n\n<li>Beiarmat<\/li>\n\n\n\n<li>Bj\u00f8rk restaurant<\/li>\n\n\n\n<li>Bj\u00f8rklund g\u00e5rd<\/li>\n\n\n\n<li>Bod\u00f8 Action Hall<\/li>\n\n\n\n<li>Bod\u00f8 Havn<\/li>\n\n\n\n<li>Bod\u00f8 Hotell<\/li>\n\n\n\n<li>Bod\u00f8 og omegns Turistforening<\/li>\n\n\n\n<li>Bod\u00f8 Spektrum<\/li>\n\n\n\n<li>Bod\u00f8 Taxi<\/li>\n\n\n\n<li>Book North Travel<\/li>\n\n\n\n<li>Boreal Adventure<\/li>\n\n\n\n<li>Brasilia Bod\u00f8<\/li>\n\n\n\n<li>Brim Explorer<\/li>\n\n\n\n<li>Bryggerikaia<\/li>\n\n\n\n<li>Br\u00f8drene Berbusmel<\/li>\n\n\n\n<li>B\u00e5din<\/li>\n\n\n\n<li>City Nord<\/li>\n\n\n\n<li>Comfort Hotel Bod\u00f8 <\/li>\n\n\n\n<li>Craig Alibone Chocolate<\/li>\n\n\n\n<li>Egna Bod\u00f8<\/li>\n\n\n\n<li>Studio EBN<\/li>\n\n\n\n<li>Egon Bod\u00f8<\/li>\n\n\n\n<li>Event Nord<\/li>\n\n\n\n<li>Explore Salten<\/li>\n\n\n\n<li>Explore Svartisen<\/li>\n\n\n\n<li>FAVN Servering<\/li>\n\n\n\n<li>Felles Atelier Nord<\/li>\n\n\n\n<li>FOGG Gildesk\u00e5l<\/li>\n\n\n\n<li>F\u00f8lvika Northern retreat<\/li>\n\n\n\n<li>Geitv\u00e5gen AS<\/li>\n\n\n\n<li>Hamsunsenteret<\/li>\n\n\n\n<li>Heges matopplevelser<\/li>\n\n\n\n<li>Helnessund brygger<\/li>\n\n\n\n<li>Home Hotel Grand Bod\u00f8<\/li>\n\n\n\n<li>Hundholmen Brygghus<\/li>\n\n\n\n<li>Jektefartsmuseet<\/li>\n\n\n\n<li>Kaf\u00e9 Kjelen<\/li>\n\n\n\n<li>Karl Erik Harr Museet<\/li>\n\n\n\n<li>Kjerring\u00f8y Handelssted<\/li>\n\n\n\n<li>Kjerring\u00f8y rorbusenter<\/li>\n\n\n\n<li>Koch Kj\u00f8pesenter<\/li>\n\n\n\n<li>LystP\u00e5 restaurant<\/li>\n\n\n\n<li>Marcialonga Arctic Ski Race<\/li>\n\n\n\n<li>Manshausen<\/li>\n\n\n\n<li>MS Salten<\/li>\n\n\n\n<li>M\u00f8rkvedhallen klatresenter<\/li>\n\n\n\n<li>Nabolaget Mat og Vinbar<\/li>\n\n\n\n<li>Naustholmen<\/li>\n\n\n\n<li>Nord Universitet<\/li>\n\n\n\n<li>Nordland Nasjonalparksenter<\/li>\n\n\n\n<li>Nord-Norsk Bilutleie<\/li>\n\n\n\n<li>Nordnes camping<\/li>\n\n\n\n<li>Nordskot brygge<\/li>\n\n\n\n<li>Nordland Turselskap<\/li>\n\n\n\n<li>Nordlandsmuseet<\/li>\n\n\n\n<li>Nord&amp;Ne<\/li>\n\n\n\n<li>NordNorsk kunstmuseum<\/li>\n\n\n\n<li>Norsk Luftfartsmuseum<\/li>\n\n\n\n<li>Norwegian Adventure Company<\/li>\n\n\n\n<li>Nyt Svartisen<\/li>\n\n\n\n<li>OHMA Asian Cooking<\/li>\n\n\n\n<li>Opplev Nord<\/li>\n\n\n\n<li>Opsahl Gjesteg\u00e5rd<\/li>\n\n\n\n<li>Parkenfestivalen<\/li>\n\n\n\n<li>Peppes pizza<\/li>\n\n\n\n<li>Picadilly Pub<\/li>\n\n\n\n<li>Polar Tours<\/li>\n\n\n\n<li>Poppy\u00b4s Coffee<\/li>\n\n\n\n<li>Pust Bod\u00f8<\/li>\n\n\n\n<li>P\u00e5Pir<\/li>\n\n\n\n<li>Quality hotel Ramsalt<\/li>\n\n\n\n<li>Radisson Blu Hotel Bod\u00f8<\/li>\n\n\n\n<li>Rampen<\/li>\n\n\n\n<li>Ramsalt N\u00e6ring AS<\/li>\n\n\n\n<li>Royal bowling<\/li>\n\n\n\n<li>Salmon center<\/li>\n\n\n\n<li>Salmon center Gildesk\u00e5l<\/li>\n\n\n\n<li>Salten golfklubb<\/li>\n\n\n\n<li>Saltenguidene<\/li>\n\n\n\n<li>Saltfjell Sami Adventure<\/li>\n\n\n\n<li>Saltstraumen camping<\/li>\n\n\n\n<li>Saltstraumen hotell<\/li>\n\n\n\n<li>Sami safari camp<\/li>\n\n\n\n<li>Scandic Bod\u00f8<\/li>\n\n\n\n<li>Scandic Havet<\/li>\n\n\n\n<li>Skagen hotel<\/li>\n\n\n\n<li>Smarthotel Bod\u00f8<\/li>\n\n\n\n<li>Sportsbaren<\/li>\n\n\n\n<li>Stella Polaris<\/li>\n\n\n\n<li>Stormen konserthus<\/li>\n\n\n\n<li>ST\u00d8TT &#8211; Top of Helgeland<\/li>\n\n\n\n<li>The Arctic Hideaway<\/li>\n\n\n\n<li>Thon hotel Nordlys<\/li>\n\n\n\n<li>Til Svartisen<\/li>\n\n\n\n<li>Tran\u00f8y fyr<\/li>\n\n\n\n<li>Tuvsjyen<\/li>\n\n\n\n<li>Txaba<\/li>\n\n\n\n<li>Vestvatn Alpinanlegg<\/li>\n\n\n\n<li>Villa Haugen<\/li>\n\n\n\n<li>Visit Reindeer<\/li>\n\n\n\n<li>Wood Hotel Bod\u00f8<\/li>\n\n\n\n<li>Zefyr pasienthotell<\/li>\n<\/ul>\n\n\n\n<h2 class=\"wp-block-heading alignwide has-primary-dark-pink-color has-text-color\" id=\"h-folgende-kommuner-har-partneravtale-med-visit-bodo\">F\u00f8lgende kommuner har partneravtale med Visit Bod\u00f8<\/h2>\n\n\n\n<ul class=\"wp-block-list\">\n<li>Bod\u00f8 kommune<\/li>\n\n\n\n<li>Beiarn kommune<\/li>\n\n\n\n<li>Gildesk\u00e5l kommune<\/li>\n\n\n\n<li>S\u00f8rfold kommune<\/li>\n\n\n\n<li>Steigen kommune<\/li>\n\n\n\n<li>Hamar\u00f8y kommune<\/li>\n<\/ul>\n","protected":false},"excerpt":{"rendered":"<p>F\u00f8lgende bedrifter har partneravtale med Visit Bod\u00f8 F\u00f8lgende kommuner har partneravtale med Visit Bod\u00f8<\/p>\n","protected":false},"author":10,"featured_media":16396,"parent":0,"menu_order":0,"comment_status":"closed","ping_status":"closed","template":"","meta":{"_trash_the_other_posts":false,"t2_hide_was_this_helpful":true,"vlb_sustainable_destination_logo":false,"vlb_green_travel_logo":false,"vlb_location_geodata_lat":0,"vlb_location_geodata_lng":0,"editor_notices":[],"footnotes":""},"cbis_category":[],"cbis_attribute":[],"destination_cat":[],"season_cat":[],"topic_cat":[246],"target-audience":[],"class_list":["post-509","page","type-page","status-publish","has-post-thumbnail","hentry","topic_cat-om-visit-bodo"],"yoast_head":"<!-- This site is optimized with the Yoast SEO Premium plugin v21.9 (Yoast SEO v21.9.1) - https:\/\/yoast.com\/wordpress\/plugins\/seo\/ -->\n<title>V\u00e5re partnere - Bransjenett<\/title>\n<meta name=\"description\" content=\"F\u00f8lgende bedrifter er partnere hos Visit Bod\u00f8.\" \/>\n<meta name=\"robots\" content=\"index, follow, max-snippet:-1, max-image-preview:large, max-video-preview:-1\" \/>\n<link rel=\"canonical\" href=\"https:\/\/visitbodo.com\/bransjenett\/vare-medlemmer\/\" \/>\n<meta property=\"og:locale\" content=\"nb_NO\" \/>\n<meta property=\"og:type\" content=\"article\" \/>\n<meta property=\"og:title\" content=\"V\u00e5re partnere\" \/>\n<meta property=\"og:description\" content=\"F\u00f8lgende bedrifter er partnere hos Visit Bod\u00f8.\" \/>\n<meta property=\"og:url\" content=\"https:\/\/visitbodo.com\/bransjenett\/vare-medlemmer\/\" \/>\n<meta property=\"og:site_name\" content=\"Bransjenett\" \/>\n<meta property=\"article:modified_time\" content=\"2025-09-11T08:06:14+00:00\" \/>\n<meta property=\"og:image\" content=\"https:\/\/v.imgi.no\/visitbodo-16396-261bcde99286d0fb71e72e8b359831b7-1176x783\/2025_04_image-7.jpg\" \/>\n<meta name=\"twitter:card\" content=\"summary_large_image\" \/>\n<meta name=\"twitter:label1\" content=\"Ansl. lesetid\" \/>\n\t<meta name=\"twitter:data1\" content=\"2 minutter\" \/>\n<script type=\"application\/ld+json\" class=\"yoast-schema-graph\">{\"@context\":\"https:\/\/schema.org\",\"@graph\":[{\"@type\":\"WebPage\",\"@id\":\"https:\/\/visitbodo.com\/bransjenett\/vare-medlemmer\/\",\"url\":\"https:\/\/visitbodo.com\/bransjenett\/vare-medlemmer\/\",\"name\":\"V\u00e5re partnere - Bransjenett\",\"isPartOf\":{\"@id\":\"https:\/\/visitbodo.com\/bransjenett\/#website\"},\"datePublished\":\"2022-04-13T10:18:57+00:00\",\"dateModified\":\"2025-09-11T08:06:14+00:00\",\"description\":\"F\u00f8lgende bedrifter er partnere hos Visit Bod\u00f8.\",\"breadcrumb\":{\"@id\":\"https:\/\/visitbodo.com\/bransjenett\/vare-medlemmer\/#breadcrumb\"},\"inLanguage\":\"nb-NO\",\"potentialAction\":[{\"@type\":\"ReadAction\",\"target\":[\"https:\/\/visitbodo.com\/bransjenett\/vare-medlemmer\/\"]}]},{\"@type\":\"BreadcrumbList\",\"@id\":\"https:\/\/visitbodo.com\/bransjenett\/vare-medlemmer\/#breadcrumb\",\"itemListElement\":[{\"@type\":\"ListItem\",\"position\":1,\"name\":\"Home\",\"item\":\"https:\/\/visitbodo.com\/bransjenett\/\"},{\"@type\":\"ListItem\",\"position\":2,\"name\":\"V\u00e5re partnere\"}]},{\"@type\":\"WebSite\",\"@id\":\"https:\/\/visitbodo.com\/bransjenett\/#website\",\"url\":\"https:\/\/visitbodo.com\/bransjenett\/\",\"name\":\"Bransjenett\",\"description\":\"Visit Bod\u00f8 Bransjenett - for reiselivsn\u00e6ringen i Bod\u00f8 &amp; Salten\",\"publisher\":{\"@id\":\"https:\/\/visitbodo.com\/bransjenett\/#organization\"},\"potentialAction\":[{\"@type\":\"SearchAction\",\"target\":{\"@type\":\"EntryPoint\",\"urlTemplate\":\"https:\/\/visitbodo.com\/bransjenett\/?s={search_term_string}\"},\"query-input\":\"required name=search_term_string\"}],\"inLanguage\":\"nb-NO\"},{\"@type\":\"Organization\",\"@id\":\"https:\/\/visitbodo.com\/bransjenett\/#organization\",\"name\":\"Bransjenett\",\"url\":\"https:\/\/visitbodo.com\/bransjenett\/\",\"logo\":{\"@type\":\"ImageObject\",\"inLanguage\":\"nb-NO\",\"@id\":\"https:\/\/visitbodo.com\/bransjenett\/#\/schema\/logo\/image\/\",\"url\":\"https:\/\/v.imgi.no\/visitbodo-16257-d30ee3fec75d9ae0d56e1a07ec7663ca-330x159\/logo_winter_negative.jpg\",\"contentUrl\":\"https:\/\/v.imgi.no\/visitbodo-16257-d30ee3fec75d9ae0d56e1a07ec7663ca-330x159\/logo_winter_negative.jpg\",\"caption\":\"Bransjenett\"},\"image\":{\"@id\":\"https:\/\/visitbodo.com\/bransjenett\/#\/schema\/logo\/image\/\"}}]}<\/script>\n<!-- \/ Yoast SEO Premium plugin. -->","yoast_head_json":{"title":"V\u00e5re partnere - Bransjenett","description":"F\u00f8lgende bedrifter er partnere hos Visit Bod\u00f8.","robots":{"index":"index","follow":"follow","max-snippet":"max-snippet:-1","max-image-preview":"max-image-preview:large","max-video-preview":"max-video-preview:-1"},"canonical":"https:\/\/visitbodo.com\/bransjenett\/vare-medlemmer\/","og_locale":"nb_NO","og_type":"article","og_title":"V\u00e5re partnere","og_description":"F\u00f8lgende bedrifter er partnere hos Visit Bod\u00f8.","og_url":"https:\/\/visitbodo.com\/bransjenett\/vare-medlemmer\/","og_site_name":"Bransjenett","article_modified_time":"2025-09-11T08:06:14+00:00","og_image":[{"url":"https:\/\/v.imgi.no\/visitbodo-16396-261bcde99286d0fb71e72e8b359831b7-1176x783\/2025_04_image-7.jpg"}],"twitter_card":"summary_large_image","twitter_misc":{"Ansl. lesetid":"2 minutter"},"schema":{"@context":"https:\/\/schema.org","@graph":[{"@type":"WebPage","@id":"https:\/\/visitbodo.com\/bransjenett\/vare-medlemmer\/","url":"https:\/\/visitbodo.com\/bransjenett\/vare-medlemmer\/","name":"V\u00e5re partnere - Bransjenett","isPartOf":{"@id":"https:\/\/visitbodo.com\/bransjenett\/#website"},"datePublished":"2022-04-13T10:18:57+00:00","dateModified":"2025-09-11T08:06:14+00:00","description":"F\u00f8lgende bedrifter er partnere hos Visit Bod\u00f8.","breadcrumb":{"@id":"https:\/\/visitbodo.com\/bransjenett\/vare-medlemmer\/#breadcrumb"},"inLanguage":"nb-NO","potentialAction":[{"@type":"ReadAction","target":["https:\/\/visitbodo.com\/bransjenett\/vare-medlemmer\/"]}]},{"@type":"BreadcrumbList","@id":"https:\/\/visitbodo.com\/bransjenett\/vare-medlemmer\/#breadcrumb","itemListElement":[{"@type":"ListItem","position":1,"name":"Home","item":"https:\/\/visitbodo.com\/bransjenett\/"},{"@type":"ListItem","position":2,"name":"V\u00e5re partnere"}]},{"@type":"WebSite","@id":"https:\/\/visitbodo.com\/bransjenett\/#website","url":"https:\/\/visitbodo.com\/bransjenett\/","name":"Bransjenett","description":"Visit Bod\u00f8 Bransjenett - for reiselivsn\u00e6ringen i Bod\u00f8 &amp; Salten","publisher":{"@id":"https:\/\/visitbodo.com\/bransjenett\/#organization"},"potentialAction":[{"@type":"SearchAction","target":{"@type":"EntryPoint","urlTemplate":"https:\/\/visitbodo.com\/bransjenett\/?s={search_term_string}"},"query-input":"required name=search_term_string"}],"inLanguage":"nb-NO"},{"@type":"Organization","@id":"https:\/\/visitbodo.com\/bransjenett\/#organization","name":"Bransjenett","url":"https:\/\/visitbodo.com\/bransjenett\/","logo":{"@type":"ImageObject","inLanguage":"nb-NO","@id":"https:\/\/visitbodo.com\/bransjenett\/#\/schema\/logo\/image\/","url":"https:\/\/v.imgi.no\/visitbodo-16257-d30ee3fec75d9ae0d56e1a07ec7663ca-330x159\/logo_winter_negative.jpg","contentUrl":"https:\/\/v.imgi.no\/visitbodo-16257-d30ee3fec75d9ae0d56e1a07ec7663ca-330x159\/logo_winter_negative.jpg","caption":"Bransjenett"},"image":{"@id":"https:\/\/visitbodo.com\/bransjenett\/#\/schema\/logo\/image\/"}}]}},"_links":{"self":[{"href":"https:\/\/visitbodo.com\/bransjenett\/wp-json\/wp\/v2\/pages\/509","targetHints":{"allow":["GET"]}}],"collection":[{"href":"https:\/\/visitbodo.com\/bransjenett\/wp-json\/wp\/v2\/pages"}],"about":[{"href":"https:\/\/visitbodo.com\/bransjenett\/wp-json\/wp\/v2\/types\/page"}],"author":[{"embeddable":true,"href":"https:\/\/visitbodo.com\/bransjenett\/wp-json\/wp\/v2\/users\/10"}],"replies":[{"embeddable":true,"href":"https:\/\/visitbodo.com\/bransjenett\/wp-json\/wp\/v2\/comments?post=509"}],"version-history":[{"count":55,"href":"https:\/\/visitbodo.com\/bransjenett\/wp-json\/wp\/v2\/pages\/509\/revisions"}],"predecessor-version":[{"id":16716,"href":"https:\/\/visitbodo.com\/bransjenett\/wp-json\/wp\/v2\/pages\/509\/revisions\/16716"}],"wp:featuredmedia":[{"embeddable":true,"href":"https:\/\/visitbodo.com\/bransjenett\/wp-json\/wp\/v2\/media\/16396"}],"wp:attachment":[{"href":"https:\/\/visitbodo.com\/bransjenett\/wp-json\/wp\/v2\/media?parent=509"}],"wp:term":[{"taxonomy":"cbis_category","embeddable":true,"href":"https:\/\/visitbodo.com\/bransjenett\/wp-json\/wp\/v2\/cbis_category?post=509"},{"taxonomy":"cbis_attribute","embeddable":true,"href":"https:\/\/visitbodo.com\/bransjenett\/wp-json\/wp\/v2\/cbis_attribute?post=509"},{"taxonomy":"destination_cat","embeddable":true,"href":"https:\/\/visitbodo.com\/bransjenett\/wp-json\/wp\/v2\/destination_cat?post=509"},{"taxonomy":"season_cat","embeddable":true,"href":"https:\/\/visitbodo.com\/bransjenett\/wp-json\/wp\/v2\/season_cat?post=509"},{"taxonomy":"topic_cat","embeddable":true,"href":"https:\/\/visitbodo.com\/bransjenett\/wp-json\/wp\/v2\/topic_cat?post=509"},{"taxonomy":"target-audience","embeddable":true,"href":"https:\/\/visitbodo.com\/bransjenett\/wp-json\/wp\/v2\/target-audience?post=509"}],"curies":[{"name":"wp","href":"https:\/\/api.w.org\/{rel}","templated":true}]}}